f(k) = 14 + k + 2*k + 8*k - 6 - 12*k. Determine f(6).
2
Let n(j) = j**3 + 3*j + 2. Let p(r) = r**3 - r**2 + 6*r + 4. Let i(d) = -5*n(d) + 3*p(d). Calculate i(-3).
20
Suppose -3*t = -28 - 8. Let q(z) = z**3 - 12*z**2 + 2*z - 17. Let h be q(t). Let k(f) = -f**3 + 8*f**2 - 6*f - 4. Give k(h).
3
Let w be 1/3 + (4 - 42/(-9)). Let x(h) = w + 0*h**2 + h - 13 - h**2. Determine x(0).
-4
Let r(p) = 2*p**2 + p - 2. Let t be (12/(-10))/((-4)/30). Let b(o) = o - 7. Let f be b(t). Calculate r(f).
8
Let m(j) = -11*j + 5. Let q(c) = -20*c + 9. Let u(i) = 11*m(i) - 6*q(i). Give u(-22).
23
Let i(n) = n**2 - 6*n + 4. Let u(w) = 2*w - 12. Let t be u(4). Let q be (-2)/8 + (-13)/t. Let s be 1 - (q + -4 - 2). Give i(s).
-4
Suppose -3*c + 2*z + 38 = 0, 7*c - 3*c - 20 = -5*z. Let b(i) = 12*i + 3 + c*i - 3. What is b(-1)?
-22
Let v(h) be the third derivative of -h**4/6 - 2*h**3/3 - 2*h**2 - 66. Give v(3).
-16
Let v(s) = -62*s + 63*s - 150*s**3 + 139*s**3. What is v(1)?
-10
Let w(x) = -x + 11. Suppose 5*l + 3*m + 3 = l, 4*m + 4 = l. Calculate w(l).
11
Let x be 7/14*(-34 + 0). Let b = x - -11. Let f(k) = -k**2 - 9*k - 6. What is f(b)?
12
Let s = -2 - -5. Let w(y) = -y**2 - y**2 - 6 + 0 + s + 5*y. Let j be 4/8*-4 + (6 - 1). What is w(j)?
-6
Let m(l) = l**3 + 4*l**2 - l + 3. Suppose -5*k + 15 = 0, -y - 2*k + 7*k - 20 = 0. Calculate m(y).
-17
Let i(u) = -6*u**2 + 6*u + 12. Let b(k) = 7*k**2 - 6*k - 13. Let h(v) = 5*b(v) + 6*i(v). Let g(x) = -4 - 2*x + 2 - 2*x. Let s be g(-2). Calculate h(s).
7
Let t be (-3)/(-2)*(-8)/(-3). Let d(x) = -2*x + 3. Let r = 28 + -25. Let m(w) = 5*w - 7. Let i(b) = r*m(b) + 7*d(b). Determine i(t).
4
Suppose 5*q = -h + 13, 0 = 3*h + 2*q - 38 + 12. Let z(b) = b**3 - 8*b**2 - 3*b + 7. What is z(h)?
-17
Let n(o) = -o**3 - o**2 + o + 5. Let y be n(0). Let l(s) = 2*s + y*s - 3*s - 2 - s. Let r = 2 - -1. Determine l(r).
7
Let n(z) = -z**3 + 16*z**2 + 16*z + 25. Let g be n(17). Let v(s) = 7*s + 1. Let o be v(2). Let h(p) = o - g - p**2 - 7. Calculate h(1).
-1
Let l = -18 - -18. Let b(z) = -181 - z**2 + 0*z**2 + z + 188. Calculate b(l).
7
Let u(i) be the first derivative of -3*i**2/2 + 2*i + 61. Calculate u(5).
-13
Let b(n) be the third derivative of n**5/60 - 11*n**4/24 - n**3/3 - 39*n**2 + 10. Give b(10).
-12
Let i(w) = 28*w. Let s be i(1). Suppose 5*n - s = 3*u, 2*u = 6 + 2. Let k(f) = f - 3. What is k(n)?
5
Let b(j) = -j**3 + 9*j**2 + j - 7. Let u be b(9). Let m(r) be the second derivative of r**5/10 - r**4/6 - r**3/6 + r**2 - r + 116. Calculate m(u).
8
Let y(z) = z**3 + 3*z**2 - 12*z - 3. Suppose 2*o + o - 23 = 4*q, -2*o + 22 = -4*q. Let b be y(q). Let a be 21/(-7) + b/1. Let d(n) = -n + 5. What is d(a)?
1
Let s(u) = 6*u**2 + 2*u - 1. Let l(o) = 2*o + 20. Let p be l(-9). Let v be (p/(-10))/(2 + (-22)/10). What is s(v)?
7
Let f(s) be the first derivative of -s**3/3 + 2*s**2 - 4*s + 241. Give f(-5).
-49
Suppose 2*j - 42 = 5*u, 3*j - 26 = u + 7*j. Let p(o) = -o**2 - 12*o - 7. Determine p(u).
13
Let x = -6 + 4. Let t(m) = 258*m**2 + 13*m - 13. Let u(n) = -119*n**2 - 6*n + 6. Let r(y) = -6*t(y) - 13*u(y). Give r(x).
-4
Let a(x) = x + 3. Suppose 3*g - 4*f = 8*g - 8, g = -3*f + 6. Suppose 0 = -4*q - 3*r + 3 - g, -3*q - 3*r = 0. Let l be -4 + q + (3 - 8). Give a(l).
-3
Let h(o) = -o - 4. Let b(x) = -1. Let z = 10 + -9. Let l(a) = z*h(a) + 3*b(a). Determine l(-6).
-1
Let k(a) = a**3 + 2*a**2 - 14*a + 14. Let o(h) = h**3 - 13*h + 13. Let b(g) = -4*k(g) + 5*o(g). What is b(9)?
9
Let h(j) be the second derivative of 1/3*j**3 - 1/12*j**4 + 4*j + 0 + 1/60*j**5 - 2*j**2. Let z(g) be the first derivative of h(g). Calculate z(4).
10
Let h be 8/(-6)*-6*(-75)/(-30). Suppose 0 = 6*g - 2*g - 92. Let w = h - g. Let b(i) = -i + 4. Calculate b(w).
7
Let r(a) be the second derivative of -a**3/2 + 10*a**2 + 9*a - 10. What is r(10)?
-10
Let t(k) = -11*k + 35. Let m(a) = -56*a + 175. Let i(f) = 2*m(f) - 11*t(f). Calculate i(5).
10
Let l be (280/30 - 8) + 28/6. Let f(c) be the second derivative of c**3/6 - c**2 + c. Calculate f(l).
4
Suppose 3*o = 40 + 35. Let x = o + -23. Let y(j) be the second derivative of j**3/2 + j**2/2 - 2*j. Determine y(x).
7
Suppose -q - 37 = -5. Let l = 39 + q. Let w(h) = h**3 - 8*h**2 + 8*h - 1. Determine w(l).
6
Let f(z) = 16*z + 14*z + 10 - 31*z. What is f(7)?
3
Let i(r) be the second derivative of -r**6/720 + r**5/120 - 15*r**4/4 - 45*r. Let o(v) be the third derivative of i(v). Determine o(5).
-4
Let u(q) = q**2 + 8*q - 2. Let x(v) = -7 + 8 + 4*v - 5*v - v**2. Let y(b) = -u(b) - 3*x(b). Let a = -11 - -15. Give y(a).
11
Let y(p) = p**2 + 3*p + 2. Let n be y(0). Let z(w) = -5*w**2 + 17 + 2*w - w**3 + n*w**3 - 20. Let u = 3 - -2. What is z(u)?
7
Let y(l) = -l + 0 - 9*l**2 + l**2 + 1. Let a be (-5)/60*-494 + 2/(-12). Let g = 42 - a. Give y(g).
-8
Let f be 3 + (-2)/(-2) - 0. Let n(s) = -6*s + 1 + f*s + 2. Let k = -20 - -25. Give n(k).
-7
Let q(k) = k**3 - 2*k**2 - k + 2. Let s(u) = -3*u + 3*u**2 + 4*u**2 - 3*u**2 - 2*u**2. Let j be s(2). Calculate q(j).
0
Let g(d) = 2*d - 8. Suppose 13 = 6*c - 29. Give g(c).
6
Suppose 3*x - 7 = -28. Let l(h) be the first derivative of -h**3/3 - 3*h**2 + 5*h - 214. What is l(x)?
-2
Suppose 10*z + 42 + 68 = 0. Let v(b) = b**2 + 13*b + 10. What is v(z)?
-12
Let t(k) = k**2 + k + 4. Let v be t(0). Suppose -7*f + 12 = c - 2*f, 0 = v*c - 2*f - 26. Suppose -2*x + c = -5. Let d(w) = -w**2 + 4*w + 7. What is d(x)?
-5
Let x(m) = -m**2 - 10*m - 7. Let j be x(-9). Let t(k) = 2*k**j + 7*k**2 - 8*k**2 + 4*k - 8 + 1. Let y be (-10)/(-16)*-2*4. Give t(y).
-2
Let b(p) = 45*p**3 + 1 - 3124033*p**2 + 3124033*p**2. Determine b(1).
46
Let z(g) = -g**2 + 7*g - 4. Let b = 335 - 328. Give z(b).
-4
Let i(d) = 3*d + 4 - 2*d - 3. Let h be (-2)/4*40/10 + 2. Let g be (-2)/4*h + -2. Determine i(g).
-1
Let p(u) = 1 - 40*u**2 - 5*u + 2*u**3 - 42*u**2 - 34*u**2 + 115*u**2 + 2*u. Determine p(2).
7
Let r(k) be the third derivative of -k**4/4 - 646*k**2. Let f(h) = h**3 - 6*h**2 - 6*h - 9. Let x be f(7). Calculate r(x).
12
Suppose 4*l - 6 = 5*u - 2, -2*u = 4*l - 4. Let z(d) be the second derivative of -d**5/5 - d**4/6 + d**2/2 + d. Give z(l).
-5
Suppose -5*s + 2*s = 27. Let h = s + 8. Let o(i) = 9*i - 1. What is o(h)?
-10
Let f(g) = 123*g**2 - 7 - 61*g**2 - 63*g**2 + 5*g. What is f(7)?
-21
Let f(v) = -v + 5. Let k be -10 + (-4)/(-8)*-4. Let b be 11 + 1 + k/(-4). Suppose 2*i = -i - b. What is f(i)?
10
Let k(l) = -163 + l**2 - 7*l + 90 + 78. Calculate k(4).
-7
Let o(a) be the first derivative of -a**3/3 - a**2/2 + a - 37. Let l(j) = -7*j**3 - j**2 + 2*j - 1. Let m(w) = l(w) + o(w). Let v = -2 - -3. Give m(v).
-8
Let t(a) = a**3 - 5*a**2 - 7*a + 9. Let u = -34 - -64. Let y be (3/5 + -1)/(u/(-450)). Give t(y).
3
Let j(y) = -4*y**3 + 2*y + 3. Let z(o) = -7*o**3 - o**2 + 5*o + 5. Let p(q) = 5*j(q) - 3*z(q). Suppose -5 = -5*t - 0. Let s be 2*(1 + -4 + t). Determine p(s).
4
Let f(p) = 2*p - 2. Suppose -4*o + 2 + 46 = 0. Let l(c) = -c**3 + 12*c**2 + c - 8. Let h be l(o). Determine f(h).
6
Let i(u) = 2*u**3 - u**2 - 5*u - 7. Let c(x) = -2*x**3 + x**2 + 4*x + 6. Let s = -36 - -30. Let h(j) = s*c(j) - 5*i(j). Calculate h(1).
1
Let w(p) = -p**2 - 2*p + 3. Suppose 0 = 3*r + 3 + 33. Let k = -10 - r. Suppose k*n = -8 + 2. Determine w(n).
0
Let l(b) = -b**2 + 11*b - 26. Suppose 4*u - f = 34, 5*u - f + 17 - 59 = 0. Determine l(u).
-2
Let z(x) = 2*x**2 - 4*x + 3. Let d = 2 + -8. Let c = d - -9. Calculate z(c).
9
Let j be ((-12)/(-9))/((-3)/(-171)*1). Let d(y) = 77*y + j*y - 156*y + 4. What is d(3)?
-5
Let y(n) = 2*n - 10. Let f(x) = 5*x - 21. Let d(j) = 3*f(j) - 7*y(j). Suppose s = 4*s + 24. Give d(s).
-1
Let b(t) = -6*t + 20. Let i(c) be the first derivative of -c**2 + 7*c + 13. Let n(w) = 4*b(w) - 11*i(w). Give n(4).
-5
Let s(o) = -o**3 - 15*o - 15*o**2 - 3 + 0 - 1 - 3. Calculate s(-14).
7
Let l(y) be the first derivative of 0*y - 1/360*y**6 + 0*y**4 + 0*y**2 - 4 + 1/3*y**3 - 1/30*y**5. Let a(t) be the third derivative of l(t). Give a(-3).
3
Let o(m) be the second derivative of m**3/6 - 7*m**2/2 - 46*m. What is o(6)?
-1
Let w(i) = -2*i - 7. Suppose 4*n + 3*v + 16 = 0, -2*n + 3*v = 8*v + 22. Let a(p) = -p. Let m(q) = n*w(q) + 3*a(q). What is m(5)?
2
Let t(w) = 0*w**2 - 4*w**2 - w - w**3 + 0*w**2. Let m = 2376 - 2380. Give t(m).
4
Let p(n) be the first derivative of n**